-o + 6*p - p - 13 = 0. Let x(z) = z**2 - 9*z + 8. Give x(o).
-6
Let b(a) = -3*a**2 + a - 2. Suppose -127*h = -138*h + 22. Suppose 10 = h*v - 3*o, v + 70*o = 66*o - 6. What is b(v)?
-12
Let n(x) = 2*x + 18. Let p(o) = -10*o**2 - 115*o - 73. Let y be p(-11). Give n(y).
-18
Let x(u) = -16*u**3 + 3*u**2 + 2*u - 1. Let n be 5*(9 + 230/(-25)). Determine x(n).
16
Let i = 5537 + -5547. Let r(l) = l**3 + 9*l**2 - 12*l - 24. Determine r(i).
-4
Let i(z) = -14*z - 5*z**2 + 4*z**2 - 498 + 497. What is i(-7)?
48
Let i(h) = -2*h**2 + 3*h - 5. Let g = 66 + -52. Let u(x) = 5 - 3*x**2 + 3*x + 5*x - 3*x - g. Let p(n) = 7*i(n) - 4*u(n). What is p(2)?
-5
Suppose 0 = -4*j - 20 + 4. Let h(y) = -1 + 5 - y - 5. Let f(s) = 6*s - 1. Let w(x) = -f(x) - 3*h(x). Give w(j).
16
Let v(r) = r**2 - 12*r + 4. Let m(w) = -2*w - 38. Let a be m(-13). Let x be ((-20)/(-15))/(a/(-90)). Determine v(x).
-16
Suppose 484 + 41 = 35*a. Suppose j - a = -13. Let c(d) = -9*d + 2. What is c(j)?
-16
Let z = 0 - -6. Suppose -56 = -z*v + 13*v. Let d(h) = h**2 + 8*h. Calculate d(v).
0
Let a(x) = 8 + 0*x + x**3 - 8*x**2 + 7*x**2 - x. Suppose 3*w - 4 = -2*z + w, 3*z - 10 = -5*w. Give a(z).
8
Let w = 315 + -289. Suppose -25*o - 10 = -w*o. Let u(j) = -j**2 + 10*j + 6. Calculate u(o).
6
Suppose 0 = -2*x + 4*w - 26, 0 = -0*x + 4*x - w + 24. Let r(l) = -l - 1. Let p(c) = 6*c + 6. Let v(i) = x*r(i) - p(i). Calculate v(-3).
2
Let g = 4994 + -4996. Let b(t) be the second derivative of -t**3/6 + t**2 + 4*t. Give b(g).
4
Let h(y) = -y**3 + 7*y**2 - 4*y + 4. Let p = -8425 + 8431. Determine h(p).
16
Let p(s) be the second derivative of 11/2*s**2 + 0 - 22*s + 5/6*s**4 + 1/3*s**3. Let h(c) = -7*c**2 - c - 7. Let a(q) = -7*h(q) - 5*p(q). Give a(-6).
-24
Let d(z) be the second derivative of -z**5/20 + z**4/3 + z**3/3 - z**2/2 + 11*z + 1434. Let g(r) = -r**3 + r**2 + r. Let u be g(2). What is d(u)?
19
Let t(j) = 7*j**3 - 39*j**2 - 2*j + 25. Let g(q) = 10*q**3 - 56*q**2 - 2*q + 37. Let p(l) = -5*g(l) + 7*t(l). Determine p(6).
2
Let m(y) = -2*y**2 + 9*y + 11. Suppose -5*d = 10, -166*r + 168*r - 2*d = 16. Calculate m(r).
-7
Let l(z) = 4 - 1 + 48*z - z**2 + 2*z**2 - 49*z. Suppose -3*u - 10 = -2*x + 8, 2*x - 10 = u. Suppose 5*s = x*v - 24, 2*v - 2*s = 4 + 8. What is l(v)?
9
Suppose -35 = -47*y + 91 + 62. Let l(a) = -2*a + 3. Calculate l(y).
-5
Let t(v) = 18*v**2 - 5*v + 4. Let n be 3 - ((-5 - -16) + -4). Let d(b) = -16*b**2 + 4*b - 3. Let z(m) = n*d(m) - 3*t(m). What is z(1)?
9
Let b = 46 + -40. Suppose 5*f - 4*f + 7 = -2*c, b = -2*f - 2*c. Let x(t) = t**3 - 1 - t**2 + 0*t**2 + 2*t + 0*t**2 + 4*t**3. Calculate x(f).
5
Let z(u) = -25*u - 117. Let p be z(-5). Let g(x) = -p*x**3 - 1 + 85*x**2 + 9*x**3 - 2 - 90*x**2 + 7*x. Calculate g(3).
0
Let f(z) = -2*z**2 + 31*z + 37. Suppose 4*w = 4*b + 72, 16*w - 14*w - 4*b = 40. Calculate f(w).
21
Suppose -13*y - 5*m - 39 = -11*y, -2*y + 5*m + 31 = 0. Let v(d) = 6*d + 12. Calculate v(y).
0
Let h be (3*(-12)/(-45))/((-4)/(-20)). Suppose -2*y = 3*u - y - 2, h*u = 5*y + 28. Suppose -s = -u*s - s. Let t(f) = -f**3. What is t(s)?
0
Let a(n) = -n - 1. Let z(p) = -p - 1. Let o(g) = 3*a(g) - 4*z(g). Let u be 3 + -1 + 1 + 0 + 1. Let h(s) = -s + 9. Let l be h(u). Calculate o(l).
6
Let a(l) = -3331*l + 1672*l - 36 + 1661*l. Calculate a(15).
-6
Let h(w) = -3*w**2 - 22*w + 11. Suppose 2*j + 4 = -136*c + 134*c, -5*j - 3*c - 18 = 0. What is h(j)?
35
Suppose -u + 0 = 5*y - 6, -y = -5*u + 30. Let v(h) = -5*h + 10. What is v(u)?
-20
Let f be (-1047 + 1)/(9 + (-143)/13). Let v = f - 527. Let w(d) = -d - 4*d**2 + 2*d + 3*d**2. Give w(v).
-20
Suppose -2*u - 69 + 9 = 5*b, -2*b - 24 = 5*u. Let j(v) = -3 + 119*v**2 + 8 - 245*v**2 + 12*v - 1 + 127*v**2. Give j(b).
4
Suppose -2*u - 2 = y - 6*u, 5*y - 7 = 3*u. Suppose y = -g + 4. Let o(c) = 7 - c - g + 0 + 6. Give o(0).
11
Suppose 0 = c - 15*a + 12*a + 13, -35 = -5*c - 5*a. Let u(b) = 136*b**2 + 131*b**2 - 266*b**c + 10 - 13*b. Determine u(11).
-12
Let z(h) = -3*h - 4*h - h + 27 + 5*h. Let j = 211 + -203. Calculate z(j).
3
Let p(g) = 340*g - 499. Let w(d) = -581*d + 832. Let j(s) = 12*p(s) + 7*w(s). Give j(12).
-8
Let k(l) = 15*l**2 + 122*l + 19. Let w be k(-8). Let t(h) = w + h**3 + 6*h**2 + 103*h - 3*h**2 - 202*h + 97*h. Calculate t(-4).
-5
Suppose 0 = n - 2*z - 14, 5*n + z = 20 - 5. Let i(f) = f**3 - f**2 - f + 1. Let t(l) = -7*l**3 + 12*l**2. Let o(p) = -6*i(p) - t(p). Give o(n).
-14
Let y(c) be the first derivative of 17*c + 5*c**2 - 283 + 1/3*c**3. Give y(-8).
1
Let z(r) be the first derivative of -3*r**5/20 + r**4/24 + 2*r**3/3 + 1. Let l(s) be the third derivative of z(s). Let v be 30/(-15)*2*(-6)/(-24). Give l(v).
19
Let j(d) be the first derivative of d**2 - 8*d - 19. Let p be 1/(2 + 35/(-20)). Suppose 0 = -n + 4*y - y + 15, -18 = -n + p*y. Calculate j(n).
4
Let c(t) be the first derivative of 4*t**3/3 - 3*t**2 - 18*t - 1245. What is c(-2)?
10
Suppose -460 = -63*w + 170. Let z(k) = k + 8. Calculate z(w).
18
Let h(w) = 2*w**3 - 9*w**2 - 29*w + 9. Let g be h(7). Let m = 56 - g. Let q(b) = b**2 - 7*b + 1. Give q(m).
-9
Let h(k) = 17*k - 50 - 26 - 55 + 277 - 8. What is h(-8)?
2
Let t be (-6)/(-4)*(-424)/(-53). Let b(o) = -8*o - 4*o**2 + o**3 - 7 - 8 + t. Give b(6).
21
Let h be 18/6 + (3 - 2). Suppose 2*k - 2*q = 10, -4*q = 5*k - 1 + 3. Let j(a) = -55 - a + 5*a + 59 - a**3 + 2*a**2 + 2*a**k. Give j(h).
20
Suppose 1107*y - 1110*y = -5*p - 65, 3*y = -p + 77. Let o(t) be the second derivative of 0 + 3/2*t**2 - 1/3*t**3 - y*t. Calculate o(0).
3
Let v(s) = s**2 - 7*s + 6. Let j be v(5). Let r(q) = 6*q - 2*q + 2*q + 3. Let n(z) = -7*z - 3. Let p(o) = -5*n(o) - 6*r(o). What is p(j)?
1
Let w be (448/(-160))/(4 - 72/20). Let o(z) = -z**2 - 11*z - 24. Give o(w).
4
Let m(n) = -n**3 + 11*n**2 - 35*n + 12. Let x(v) = -v**2 + 21*v. Let y(t) = -m(t) - x(t). Calculate y(9).
33
Let w(a) = 7*a + 155. Let g(j) = -367*j + 2546. Let k be g(7). What is w(k)?
-6
Let q be (5/2)/((-40)/(-192)) - 4. Suppose -4*o - 5*r = -6, -4*o - 3*r - 6 = -q. Let h(b) = b**3 - 3*b - 3. Determine h(o).
-1
Let c = 364 + -337. Let v(g) = -c + 13*g + g + 24. Give v(3).
39
Let i(n) = -n**3 + 43*n**2 + 174*n - 191. Let w(y) = 2*y**3 - 82*y**2 - 347*y + 385. Let p(f) = -7*i(f) - 3*w(f). What is p(58)?
8
Let s(w) = 301*w**2 - 42*w - 20. Let a(v) = -95*v**2 + 14*v + 7. Let z(n) = 19*a(n) + 6*s(n). Give z(-6).
-35
Let o(a) = -3*a + 105. Let t(x) = 3*x**2 + 101*x - 235. Let n be t(-36). What is o(n)?
54
Let x be 192/(-8)*1/(-4). Let s(o) = 3 - o - 8*o**2 - o**3 + x*o**2 - 1 - 3*o**2. Determine s(-2).
-8
Let b(g) = 3*g - 1. Suppose r + 0 - 1 = -2*i, 7 = -3*r + 4*i. Let t(w) = 15*w - 6. Let n(m) = r*t(m) + 6*b(m). Give n(2).
6
Let m(u) = 7*u + 344. Let n(q) = 2*q + 85. Let d(h) = 2*m(h) - 9*n(h). What is d(-27)?
31
Let g(h) = -40*h + 30. Let v(n) = 105*n - 92. Let d(a) = -8*g(a) - 3*v(a). Determine d(-6).
6
Let b(q) = -5*q**2 - 4*q + 7. Let c(o) be the second derivative of o**4/6 - 101*o. Let t(g) = -b(g) - 2*c(g). Determine t(-8).
25
Let u(n) = -n**3 - 4*n**2 + 3*n + 3. Let c(x) = -x**3 - 4*x**2 + 5*x + 3. Suppose 0 = -5*t + t - 20. Let i be c(t). Suppose -6 = -i*s + 6*s. What is u(s)?
-11
Let x = 2045 + -2043. Let i(u) = -18*u**2 + 4*u - 3. Calculate i(x).
-67
Suppose 9*v = 4*v + 20. Let j be (-5 - -4)*(-2 + v)*-2. Let n(b) = -5 + 3*b**2 + 5 + 5 - b**3 + 2*b. Determine n(j).
-3
Let b(i) = -i**2 + 21*i - 24. Let m be b(19). Suppose -5*f - 10 = 4*o, 5*o - 3*o = 2*f - m. Let s(c) = -1 - 1 + 3 + 4*c + 1 + c**3 + 5*c**f. Give s(-2).
6
Let b(h) be the first derivative of h**3/3 + 8*h**2 + 11*h - 50. What is b(-15)?
-4
Let o(w) = -2*w + 3. Suppose b + 0*b = -4*h + 16, 3*h = -4*b - 1. Suppose 348*t - h = 349*t. Determine o(t).
13
Let j(i) = -i**3 - 4*i**2 + i + 1. Let n be j(-3). Let f(x) = -x**3 - 11*x**2 - 1. Let p be f(n). Let d(l) = -2 + 7*l**3 + 2*l + 3 + 0 + 0*l. Determine d(p).
-8
Suppose 0 = -s - 2, 2*l = -3*l - s + 18. Suppose 4*f = -t + 4*t - 15, -l*f = 12. Let b be (t/2)/((-2)/(-8)). Let g(q) = -2*q**2 - 2*q + 1. Give g(b).
-11
Let j be (-2736)/(-28) - (-4)/14. Suppose 34 = -8*y + j. Let w(i) = -52*i + 29*i + 22*i - y. Calculate w(-10).
2
Let t = 44 + -39. Suppose 1515 = t*r + 5*m, -8*r + 4*r + 3*m = -1177. Let p(z) = r*z - 1 - 1 - 2*z**2 - 294*z. Calculate p(2).
-2
Let c(a) be the second derivative